23871. Suppose 512 + u = 7*a. Is a composite?
False
Let h be (9/4)/(6/(-17008)). Let q be h/(-4) + (-7)/(-14). Suppose -15*d - q = -20*d. Is d prime?
False
Suppose -l + 3*j - 7189 = 0, -3*j = -4*l + j - 28772. Let v = 11792 + l. Is v a prime number?
True
Is ((-21)/(-28))/(6/548)*19368/36 composite?
True
Let x = 43 + -84. Let c = 42 + x. Let l(d) = 671*d**3 - 2*d + 2. Is l(c) a prime number?
False
Let y(x) be the third derivative of 0 + 17/6*x**3 + 0*x + 79/4*x**4 - 20*x**2. Is y(6) composite?
False
Suppose -4*c = -u - 7, c = u - 2*u + 8. Suppose u*x - 7 + 37 = 0. Is (-18)/12*(1274/x + 1) composite?
False
Let y(n) = -n**2 - 6*n. Let q be y(-5). Suppose -w - 3*g + 0*g = 33, q*g + 15 = 0. Let c(f) = -4*f - 22. Is c(w) a composite number?
True
Let a(i) = 2*i - 5. Let r be a(4). Suppose w = r*w, -2*g - 4*w = -1934. Is g composite?
False
Suppose -2*x - 5*v + 688655 = 0, 5*v = 48*x - 46*x - 688605. Is x a prime number?
False
Suppose -490707 = 111*h - 542060 - 1484221. Is h prime?
False
Let n(q) = -1229*q + 64. Let v(k) = -15 - 2 + 246*k + 4. Let r(z) = 2*n(z) + 11*v(z). Is r(9) a prime number?
False
Let d(h) = -6*h + 63. Let j be d(11). Is 11184 - (1 + 7 + j) prime?
False
Suppose 5*f - 3*n = n + 8, -n = 2*f + 2. Suppose -5*s + 25 = f, u + 14 = 5*s - 14. Is 9597*(-1)/(-6 - u) composite?
True
Let y(x) = -203*x + 1238. Is y(-156) a composite number?
True
Suppose 31*t = -4*w + 26*t + 80617, 2*t = 2*w - 40286. Suppose -6*m + 10*m = 4*u - w, u + m = 5029. Is u a prime number?
False
Let k be (1 - 0)*(-104)/(-8). Let g(y) = -5*y + 1 + 15 - 6*y + 2*y**3 - 5*y**2 - y. Is g(k) composite?
True
Let t be (-16)/(-6)*42/8. Suppose -27*q = -25*q - t. Suppose -q*a = -a - 3738. Is a composite?
True
Let b = -1257 + 1248. Let i(l) = -79*l - 1. Let f be i(-1). Is f + 2 + (b - -6) a prime number?
False
Let i(l) = 12*l**2 - 288 + 33*l**2 - 3*l**2 - 28*l - 61. Is i(-13) prime?
False
Let r be (-6 - -4 - -1) + -13. Let p = -13 - r. Is 2*p*2804/8 a composite number?
False
Let k be (-11)/(-22)*(-1)/(1/(-10)). Let x be 1/k - 232/(-40). Is -293*(-55)/(-10)*x/(-3) a composite number?
True
Suppose 2*j - 5*j = -24102. Suppose -3*p + j = -402. Suppose -p = -11*o + 7*o. Is o a prime number?
False
Let c = -2137687 - -3060636. Is c a prime number?
False
Suppose 5*s + 4*h = -59, 0*s - 4*s - 2*h - 46 = 0. Let z(y) = 256*y**2 + y + 164. Is z(s) a composite number?
True
Suppose -2*b + 2*c = 4*c - 15506, 4*b = 3*c + 30984. Let n = -3988 + b. Is n prime?
True
Let v be -28*4*20/(-56). Is (-112773)/(-24) + (5/1)/v a prime number?
False
Let f(y) = 57*y**2 - 7*y - 13. Let l(p) = p**2 + 14*p - 8. Let x be l(-14). Is f(x) a prime number?
True
Let l be -3 - (3 - (1 + 1993)). Let z(s) = -48*s - 129. Let x be z(-22). Let j = l - x. Is j prime?
True
Suppose -157*f = -158*f - 6. Is 4/f + (-141700)/(-60) prime?
False
Suppose 4*u + 5*h - 149935 = 0, -3*h - 74990 = -2*u - h. Let r = u - 17167. Is r composite?
False
Suppose -60*y + 1443312 = -847548. Let z = y + -21964. Is z a composite number?
False
Suppose -13*j + 6*j = -42. Is 18981/18 + j - 3/2 a prime number?
False
Let z(p) = -32*p**3 + 3. Let r be z(2). Let n = 136 - r. Is n composite?
False
Is ((-10)/(-140)*-7)/(2/(-550532)) a composite number?
False
Let i(j) = -3*j - 2. Let c = 30 + -32. Let k be i(c). Let t(s) = 42*s**2 - 10*s - 1. Is t(k) a composite number?
False
Let o = 20517 - -174130. Is o a composite number?
False
Suppose -662*y + 664*y = v - 165509, v + 5*y = 165516. Is v prime?
True
Suppose 0*g - 2327582 = -3*v - 5*g, -3*v = -2*g - 2327617. Is v a prime number?
False
Let w(t) = -t**2 - 16*t - 22. Let i be w(-14). Let m be 4/i*1 - 63381/(-9). Suppose 4*u - 18497 - m = 0. Is u a composite number?
True
Let k = -982 + 982. Let d(i) be the second derivative of i**5/20 - i**4/12 + 413*i**2/2 - 2*i. Is d(k) composite?
True
Let i(b) = -62*b**2 + 4*b - 10. Let z be i(4). Let q = 591 - z. Is q prime?
False
Suppose 3*g = 9*g - 6930. Suppose 2*x = 5*b + 2322, -3*x + 4*x - g = b. Is x composite?
False
Let q = -708063 - -997732. Is q a composite number?
False
Let v(q) = q**3 - 5*q**2 + 12*q + 2. Let z be v(7). Suppose -532 = -4*y + z. Suppose -4*k - y = -5*k. Is k prime?
True
Suppose 8*l = 6*l - 21864. Let a = -5505 - l. Suppose 3*g - 20742 = -a. Is g a prime number?
False
Let o = -1025 - -1746. Suppose o = 6*i - 347. Suppose -2*j = i - 752. Is j a composite number?
True
Suppose 3 = -13*a + 14*a. Suppose 0 = -5*s, -4*m + 17129 = -a*m + 4*s. Is m composite?
True
Let s be (-7)/1*-6*(-9378)/(-27). Suppose -8*h + u + s = -5*h, 0 = 4*h - 3*u - 19459. Is h prime?
True
Let p(z) = -3806*z + 621. Is p(-11) composite?
False
Let t = -75574 + 340205. Is t prime?
True
Suppose -2*m - 4 = 4*w, -4*m + 2*w - 2 + 14 = 0. Suppose 316 = r - m*f - 825, -4*r - 5*f + 4629 = 0. Is r a prime number?
True
Let r(w) = w**2 + 21*w - 9. Let a be r(-21). Let o be (1 - (-6)/a) + 8/3. Is 3/(-48)*-4*8628/o composite?
False
Let p = 30385 + 78888. Is p a composite number?
True
Let x(z) = -z**3 + 7*z**2 + z + 10. Let g be x(7). Let u = 1053 - 1046. Suppose u*y = g*y - 21290. Is y a prime number?
True
Is 6/(-10) + ((-3484)/(-195))/((-3)/(-5499)) a composite number?
False
Suppose q + 2*v - 68369 = 0, q - 8*v - 68333 = -6*v. Is q a prime number?
True
Is ((-13)/(-26))/(12/89256) a prime number?
True
Let u(q) = -1. Let r(p) = -p - 5. Let c(l) = -r(l) + u(l). Let h be c(-10). Is (-2909)/h + (-12)/(-72) prime?
False
Let o = -20 + 29. Suppose 26*r - 31*r = 2*v - 6681, 3*r + 2*v - 4011 = 0. Suppose -12*u + o*u + r = 0. Is u prime?
False
Suppose -3*a + 1432245 = 11*p - 8*p, -2*p + 2*a = -954822. Is p a composite number?
True
Let l(b) = b - 22. Let w be l(6). Is ((-21)/9)/(w/22416) a prime number?
False
Let p = -56792 - -94288. Suppose p = 5*g + v, 2*g = -5*v + 10*v + 14993. Is g a prime number?
True
Let q(d) = 11*d**3 - 13*d**2 + 29*d - 260. Is q(19) prime?
False
Let z = 37 + -34. Suppose -2*b = z*t + 11 + 2, -5*b - 5*t - 20 = 0. Is b/3 - 13328/(-21) a composite number?
True
Is -1 - -25400 - (12 + -6 - -2) a prime number?
True
Let f(u) = u**2 - 9*u + 30. Let x be f(14). Suppose x + 38 = 2*m. Suppose -m = -k + 28. Is k a composite number?
False
Let f = -22692 + 286309. Is f a prime number?
False
Let m(x) = 123*x**3 - x**2 - 4*x + 7. Suppose 8*g - 198 = -g. Let v = 25 - g. Is m(v) a composite number?
False
Let o(m) = -m**3 + 10*m**2 - 11*m + 21. Suppose -3*c = 2*u - 3, -5*u - 2*c + 20 + 15 = 0. Let z be o(u). Suppose 0 = -z*a + 2*a + 677. Is a a composite number?
False
Suppose -q + 3*n - 4 = 0, 5*n - 2 = q + 6. Suppose 3*v = q*j + j - 6, -5*j - 2 = -3*v. Is (v/(-9))/((-10)/(-4905)) a composite number?
True
Let k(l) = 1722*l**3 + 34*l**2 - 31*l + 76. Is k(3) prime?
False
Let g = -27741 - -73078. Is g composite?
False
Let j be (2 + 2)*(-2)/4. Let i = 712 + -718. Is (21/i)/(j/116) composite?
True
Let t = 93 - 98. Let v be (0 - -60)*(t/(-2))/(-5). Is 2/12 + (-46225)/v a composite number?
True
Suppose 830*u - 835*u - 232910 = 0. Is u/(-3) - (-16)/(-48) a prime number?
True
Suppose -s + 0*n + 276572 = n, 4*s - 3*n - 1106323 = 0. Is s a composite number?
True
Suppose -h = -112 + 28. Suppose 0*y + 4*y - h = 0. Suppose i - y - 110 = 0. Is i a prime number?
True
Let y = 627717 - 289644. Is y composite?
True
Let q(a) = -128*a**3 - 7*a**2 - 2*a + 11. Let m be q(-4). Let z = m + -3060. Is z composite?
False
Suppose -5*o + 2*b + 28 = 6*b, 0 = 3*o - 3*b - 6. Suppose -k + 35575 = o*y, 3*k + 4*y = 17302 + 89407. Is k a prime number?
False
Is 90119 + (8 - (6 + 14)) a composite number?
False
Suppose m = -m - 3*w - 152, -m - 4*w - 76 = 0. Let p = m - -79. Suppose -i = r + p*r - 1302, -3971 = -3*i + r. Is i composite?
True
Let r = 94126 + -56279. Is r a composite number?
False
Suppose -75674 = -24*w + 2742430. Is w prime?
False
Suppose c = 1 + 4. Suppose 3*y = 5*u + 4965, c*y + 3*u - 4553 - 3722 = 0. Is y a prime number?
False
Suppose -4*k + 492187 = h + 140923, -2*k + 175614 = 5*h. Is k prime?
False
Suppose 0 = 10*g - 7*g - 7665. Suppose -4*f + 10238 = 2*v, f = 2*v + 2*v + g. Is f prime?
False
Is (-432569)/7*(-117 + 110) prime?
True
Is ((-48)/4 + 16)/((-4)/(-699738)) - 5 a composite number?
False
Suppose -1 = -4*p - 53. Let h(q) = -42*q - 8. Let l be h(p). Suppose -g - b = -l, g + 43 - 590 = 2*b. Is g a prime number?
